292 is divided by g.
67
Let x = 6 - 6. Suppose x = -5*b - 30 + 270. Let m(z) = -2*z**2 + 54*z - 131. What is the remainder when b is divided by m(24)?
9
Suppose -2*x = -4*k - 170, 0 = 4*x - 0*k + 4*k - 328. Suppose 0 = -8*t + 696 - 5288. Calculate the remainder when x is divided by (2 - 1) + t/(-14).
41
Let h = -29 + 5. Let p = -754 - -786. Let f = h + p. What is the remainder when 10 is divided by f?
2
Let y be (21 + -22)/((-1)/(-507)). Let w = 751 + y. What is the remainder when w is divided by 41?
39
Let x = 55 + -36. Let b = x + -16. Suppose 2*w - 4*m + 63 = 5*w, -2*w + b*m + 42 = 0. What is the remainder when w is divided by 3?
0
Suppose -3*j - 2*r = -74 - 1, 0 = -2*r - 6. Suppose -2*h - 3*h = 5*w - 115, h - 2*w - 14 = 0. What is the remainder when j is divided by h?
7
Let g(p) = p**3 - 5*p**2 + 3*p - 16. Let q be g(9). Let s = q + -322. Calculate the remainder when 1466 is divided by s.
10
What is the remainder when -2982*((-255)/30 + 8) is divided by 147?
21
Let o(w) = -1163*w + 2346. What is the remainder when (-394)/(-7) + 4/(-14) is divided by o(2)?
16
Suppose 1417*m - 1690 = 1352*m. Let l be 4/(-2 - -4) + 2. Suppose -30 + 86 = l*g. Calculate the remainder when m is divided by g.
12
Suppose -56*u = -219*u + 89324. What is the remainder when u is divided by 10?
8
Let h = -4757 - -4820. Calculate the remainder when 230 is divided by h.
41
Suppose 4*d - 42 = -3*a, -d - 50 = -6*d - 5*a. Suppose -5*y + 275*f = 273*f - 145, -2 = -2*y + 12*f. Calculate the remainder when y is divided by d.
7
Suppose -158*o = -160*o + 6. Let b(x) = 12*x**2 + 3*x. What is the remainder when b(4) is divided by -41*(-4 + o - 0)*1?
40
Let g be (9/30*-4)/(8/140). What is the remainder when ((-642)/(-21))/((-3)/g) is divided by 72?
70
Let a = 171 + -164. What is the remainder when 53 is divided by (-2 + (-39)/(-9))/(a/42)?
11
Suppose -6*x + 7 = -x + c, 4*x = 2*c + 14. Suppose x*n = 2*t + t + 41, 0 = n - 5*t - 3. What is the remainder when 12/n + 36/14 is divided by 1?
0
Suppose -168*u = 213*u + 104*u - 247835. What is the remainder when u is divided by 169?
4
Suppose c = -2*y + 283 + 70, 2*y = c + 351. What is the remainder when y is divided by 54?
14
Let q(o) = 51*o**2 - 73*o - 1. What is the remainder when 1132 is divided by q(2)?
49
Let y = -11026 - -11651. What is the remainder when y is divided by 599?
26
Suppose -2*i - 29 = -n - 7*i, 3*n = -4*i + 54. Let j(l) = -5*l + 32. Let s be j(7). Calculate the remainder when n is divided by 3*(s/2)/(3/(-6)).
5
Let p(w) = -152*w + 181. Calculate the remainder when 297 is divided by p(1).
7
Suppose -152 = -2*h + 5*g, 0*h = 4*h - 2*g - 336. Let o = -293 + 641. Let b = -335 + o. Calculate the remainder when h is divided by b.
8
Suppose -33*x = -15*x - 360. Suppose -491 - 229 = -x*m. Calculate the remainder when 139 is divided by m.
31
Let q = -26 - -27. Let t be 1 + q + 0/3. Suppose 20 = b + t*b - 2*a, 45 = 3*b + 3*a. Calculate the remainder when 67 is divided by b.
7
What is the remainder when 1819 + -2 + 1 - (-9 - (-19 + 9)) is divided by 20?
17
Suppose 4*w - 3*m - 2 = 20, -5*m = 4*w - 6. Suppose 0 = w*r - 3*x - 148, 0 = -0*x - 3*x. Calculate the remainder when 181 is divided by r.
33
Suppose 0 = -28*i + 59*i - 1860. Suppose 2*v - 3*p = 3*v - i, 249 = 4*v + 3*p. What is the remainder when v is divided by (-13)/2*2*-1?
11
Let m(a) be the second derivative of a**3/3 + 56*a**2 + 13*a. Calculate the remainder when m(0) is divided by 19*-4*18/(-72)*1.
17
Let i(v) = v**2 - v - 36. Let m be i(-6). Suppose -684 + 540 = -m*t. Calculate the remainder when 65 is divided by t.
17
Let d = -836 + 841. Let j(t) = t**3 - t**2 - 23*t + 35. Calculate the remainder when 497 is divided by j(d).
17
Let s(k) = -3*k + 2*k + 3*k - k + 5. Let q be s(-2). Suppose 4*x = -8, -3*h + 15 + 12 = -q*x. Calculate the remainder when 38 is divided by h.
3
Suppose -6*t + 16 = 4. Let y be (15/6)/(2/4). Suppose -h + y = t. Calculate the remainder when h is divided by 3.
0
Suppose 6*r - 148 = -136. Calculate the remainder when 60 is divided by (630/27 - -3) + r/3.
6
Let f = 639 + -637. What is the remainder when 33 is divided by 54*(f - (-5)/(-3))?
15
Suppose 796*p = 785*p + 1969. Calculate the remainder when p is divided by 24.
11
Let q = -9275 + 10328. What is the remainder when 2120 is divided by q?
14
Suppose -2*b = -w - 7*b + 2018, 3*b = 3. Calculate the remainder when w is divided by 38.
37
Let g = 18336 - 18325. What is the remainder when 1803 is divided by g?
10
Let u = 4890 + -4786. What is the remainder when 344 is divided by u?
32
Suppose k - 34 = 3*n + n, -10 = 2*n. Suppose -126 = -k*c + 7*c. Let o = c + -6. Calculate the remainder when 81 is divided by o.
9
Suppose -5*l + 19 = -l + u, 2*u = -3*l + 13. Let j(t) = 4*t**2 + 7*t + 14. Calculate the remainder when j(l) is divided by 8.
5
Let a(g) = 2*g**2 - 25*g + 66. Let f(m) = m**2 - 13*m + 34. Let u(d) = 4*a(d) - 9*f(d). Let h = -86 - -174. What is the remainder when h is divided by u(12)?
16
Let i = -112 - -165. Let q be (-1)/(-3) - (-5)/(-15). Suppose 7*c + k - 95 = 2*c, 5*c - 2*k - 95 = q. Calculate the remainder when i is divided by c.
15
Let b = 26171 - 26146. Calculate the remainder when 4496 is divided by b.
21
Let o be (5/10 - 1)/((-2)/364). Suppose 4*f - 5*p = o, 6*p - 2*p = 20. What is the remainder when 230 is divided by f?
27
Calculate the remainder when (-334)/10*(1 - 61) is divided by 34.
32
Suppose -3*a + z = -849, 20*z - 17*z = 5*a - 1415. Let r = a - 97. Calculate the remainder when r is divided by 17.
16
Let k(i) = -2*i - 33. Let u be k(-19). Suppose 3*b - u*q = 99, -7*q = -b - 2*q + 43. What is the remainder when 49 is divided by b?
21
Let r(o) = -4*o. Let f be r(-7). Suppose f = -9*g + 10. What is the remainder when (14/105 - 677/15)*g is divided by 32?
26
Let n(l) = 2*l**2 + 17*l + 62. Calculate the remainder when n(-3) is divided by 6/(-6) - (-19)/1.
11
Suppose -2310 = -43*a + 10*a. What is the remainder when 0 + 0 + (a + -1 - 4) is divided by 39?
26
Suppose -126 = 3*p - 10*p. Suppose 0 = 3*m + 3*m - p. What is the remainder when 10 is divided by m?
1
Suppose -3*v = -5*n - 144, 0 = -v + 3*n - 0*n + 48. Let b be (24/32)/((-3)/156). Let o = v + b. Calculate the remainder when 51 is divided by o.
6
Let d = -32820 + 32920. What is the remainder when 191 is divided by d?
91
Let s = -5461 - -5697. What is the remainder when s is divided by 11?
5
Let h = 3555 - 3411. Calculate the remainder when h is divided by 38.
30
Suppose -42*c = -99*c + 5073. Calculate the remainder when 485 is divided by c.
40
Let n = 474 - 400. Suppose y - 49 = w + 24, -4 = -4*w. Suppose 0 = 3*h - y + 29. Calculate the remainder when n is divided by h.
14
Suppose -4*p + 0*r - r + 71 = 0, -20 = -p + 2*r. Let k = -136 + 352. Suppose 20*h = p*h + k. Calculate the remainder when h is divided by 22.
20
Calculate the remainder when 4081 is divided by ((-13)/(-5))/((-51)/(-255))*2.
25
Let p be 24/(35/10 - 2). Let c = 43 - p. What is the remainder when (-132)/(-1) - (-6)/3 is divided by c?
26
Let p = -19 + 10. What is the remainder when 76*3/p*21/(-14) is divided by 15?
8
Let g = 165 + -161. What is the remainder when 158 is divided by ((-2)/(-4))/(g/432)?
50
Suppose 2*j = -2*x + 204, -4*j + 6*x = x - 444. What is the remainder when j is divided by ((-1038)/2768)/((-3)/72)?
7
Let u(c) = 4*c + 18. Suppose 106 = 55*r - 114. What is the remainder when u(0) is divided by r?
2
Suppose -19*k + 17*k - 8820 = -38*k. Calculate the remainder when 622 is divided by k.
132
Suppose d - 3*f - 56 = 0, d + 8 = -3*f + 34. Calculate the remainder when 522*(8 + (-92)/12) is divided by d.
10
Suppose -14*b + 1048 + 5546 = 0. Suppose -4*p = 4*k - 152, 0 = -5*k + 4*p + p + 240. Calculate the remainder when b is divided by k.
41
Let s(a) = -a**3 - 4*a**2 + 20*a + 86. Calculate the remainder when s(-5) is divided by 7.
4
Let b(a) = -4*a**3 - 7*a**2 + a + 541. Calculate the remainder when b(0) is divided by 23.
12
Let c(l) = l**3 - 4*l**2 - 433*l - 80. What is the remainder when 270 is divided by c(23)?
6
Suppose 0 = l + 3, 18 = 5*b + l - 4. Let c(h) = 16*h - 6*h - 4*h + 16 - b*h. Calculate the remainder when c(0) is divided by 10.
6
Let f be 0 + 2 + 25/5. Suppose -4*c = a - f + 16, -24 = -c + 5*a. Let h(l) = 32*l**2 - l - 2. Calculate th